{"id":210,"date":"2023-11-22T16:11:19","date_gmt":"2023-11-22T15:11:19","guid":{"rendered":"https:\/\/acbenetusser.com\/rutatapabenetusser\/?page_id=210"},"modified":"2023-11-22T16:11:20","modified_gmt":"2023-11-22T15:11:20","slug":"inscripcion","status":"publish","type":"page","link":"https:\/\/acbenetusser.com\/rutatapabenetusser\/es\/inscripcion\/","title":{"rendered":"Inscripci\u00f3n"},"content":{"rendered":"\n<p>Se celebrar\u00e1 su 8\u00aa Edici\u00f3n del 22 al 26 de noviembre, ambos incluidos.<\/p>\n\n\n\n<h2 class=\"wp-block-heading\"> Objetivos<\/h2>\n\n\n\n<ul class=\"wp-block-list\">\n<li>Promocionar los bares y restaurantes de Benet\u00fasser, dando a conocer su riqueza y variedad gastron\u00f3mica en cuanto a productos de alimentaci\u00f3n se refiere. <\/li>\n\n\n\n<li>Acercar la variedad gastron\u00f3mica de la poblaci\u00f3n Benet\u00fasser al p\u00fablico en general. Incentivar el uso de los productos de nuestra tierra en la gastronom\u00eda y la cocina en general.<\/li>\n\n\n\n<li>Impulsar la promoci\u00f3n del sector de la hosteler\u00eda, fomentando la competitividad entre los distintos establecimientos. <\/li>\n\n\n\n<li>Potenciar la profesionalizaci\u00f3n del sector en la localidad.<\/li>\n<\/ul>\n\n\n<div class=\"wp-block-image\">\n<figure class=\"alignleft size-large is-resized\"><img decoding=\"async\" width=\"697\" height=\"1024\" data-src=\"https:\/\/acbenetusser.com\/rutatapabenetusser\/wp-content\/uploads\/sites\/3\/2023\/11\/rutadelatapa-768x1129-1-697x1024.png\" alt=\"Tapa\" class=\"wp-image-214 lazyload\" style=\"--smush-placeholder-width: 697px; --smush-placeholder-aspect-ratio: 697\/1024;width:249px;height:auto\" data-srcset=\"https:\/\/acbenetusser.com\/rutatapabenetusser\/wp-content\/uploads\/sites\/3\/2023\/11\/rutadelatapa-768x1129-1-697x1024.png 697w, https:\/\/acbenetusser.com\/rutatapabenetusser\/wp-content\/uploads\/sites\/3\/2023\/11\/rutadelatapa-768x1129-1-204x300.png 204w, https:\/\/acbenetusser.com\/rutatapabenetusser\/wp-content\/uploads\/sites\/3\/2023\/11\/rutadelatapa-768x1129-1.png 768w\" data-sizes=\"(max-width: 697px) 100vw, 697px\" src=\"data:image\/gif;base64,R0lGODlhAQABAAAAACH5BAEKAAEALAAAAAABAAEAAAICTAEAOw==\" \/><figcaption class=\"wp-element-caption\">Tapa<\/figcaption><\/figure>\n<\/div>\n\n\n<h2 class=\"wp-block-heading\">\u00bfQui\u00e9n puede participar?<\/h2>\n\n\n\n<p>La Ruta de la Tapa de Benet\u00fasser tiene un car\u00e1cter abierto a la participaci\u00f3n de aquellos establecimientos ubicados en la localidad de Benet\u00fasser cuyas actividades profesionales se encuadren dentro de los grupos del sector de Bares, Restaurantes y Marisquer\u00edas que acepten los compromisos establecidos en las presentes bases de participaci\u00f3n.<\/p>\n\n\n\n<h2 class=\"wp-block-heading\">\u00bfD\u00f3nde se realiza el evento?<\/h2>\n\n\n\n<p>La actividad de promoci\u00f3n se desarrollar\u00e1 en las instalaciones de cada uno de los establecimientos participantes. Se distribuir\u00e1 carteler\u00eda y material informativo a cada establecimiento para su identificaci\u00f3n por parte del cliente. La Ruta y los establecimientos participantes se dar\u00e1n a conocer mediante el material promocional que se establezca.<\/p>\n\n\n\n<h2 class=\"wp-block-heading\">Agotado el plazo de inscripci\u00f3n<\/h2>\n\n\n\n<p>Queremos agradecer inmensamente por la decisi\u00f3n de participar en la 8\u00aa Ruta de la Tapa 2023. Gracias a todos los inscritos en este evento.<\/p>\n","protected":false},"excerpt":{"rendered":"<div class=\"mh-excerpt\"><p>Se celebrar\u00e1 su 8\u00aa Edici\u00f3n del 22 al 26 de noviembre, ambos incluidos. Objetivos \u00bfQui\u00e9n puede participar? La Ruta de la Tapa de Benet\u00fasser tiene <a class=\"mh-excerpt-more\" href=\"https:\/\/acbenetusser.com\/rutatapabenetusser\/es\/inscripcion\/\" title=\"Inscripci\u00f3n\">[&#8230;]<\/a><\/p>\n<\/div>","protected":false},"author":1,"featured_media":0,"parent":0,"menu_order":0,"comment_status":"closed","ping_status":"closed","template":"template-full.php","meta":{"footnotes":""},"class_list":["post-210","page","type-page","status-publish","hentry"],"yoast_head":"<!-- This site is optimized with the Yoast SEO plugin v25.1 - https:\/\/yoast.com\/wordpress\/plugins\/seo\/ -->\n<title>Inscripci\u00f3n - Ruta de la Tapa de Benet\u00fasser<\/title>\n<meta name=\"description\" content=\"Informaci\u00f3n sobre la inscripci\u00f3n para participar en la 8\u00aa Ruta de la Tapa de Benet\u00fasser.\" \/>\n<meta name=\"robots\" content=\"index, follow, max-snippet:-1, max-image-preview:large, max-video-preview:-1\" \/>\n<link rel=\"canonical\" href=\"https:\/\/acbenetusser.com\/rutatapabenetusser\/es\/inscripcion\/\" \/>\n<meta property=\"og:locale\" content=\"ca_ES\" \/>\n<meta property=\"og:type\" content=\"article\" \/>\n<meta property=\"og:title\" content=\"Inscripci\u00f3n - Ruta de la Tapa de Benet\u00fasser\" \/>\n<meta property=\"og:description\" content=\"Informaci\u00f3n sobre la inscripci\u00f3n para participar en la 8\u00aa Ruta de la Tapa de Benet\u00fasser.\" \/>\n<meta property=\"og:url\" content=\"https:\/\/acbenetusser.com\/rutatapabenetusser\/es\/inscripcion\/\" \/>\n<meta property=\"og:site_name\" content=\"Ruta de la Tapa de Benet\u00fasser\" \/>\n<meta property=\"article:modified_time\" content=\"2023-11-22T15:11:20+00:00\" \/>\n<meta property=\"og:image\" content=\"https:\/\/acbenetusser.com\/rutatapabenetusser\/wp-content\/uploads\/sites\/3\/2023\/11\/rutadelatapa-768x1129-1-697x1024.png\" \/>\n<meta name=\"twitter:card\" content=\"summary_large_image\" \/>\n<meta name=\"twitter:label1\" content=\"Temps estimat de lectura\" \/>\n\t<meta name=\"twitter:data1\" content=\"2 minuts\" \/>\n<script type=\"application\/ld+json\" class=\"yoast-schema-graph\">{\"@context\":\"https:\/\/schema.org\",\"@graph\":[{\"@type\":\"WebPage\",\"@id\":\"https:\/\/acbenetusser.com\/rutatapabenetusser\/es\/inscripcion\/\",\"url\":\"https:\/\/acbenetusser.com\/rutatapabenetusser\/es\/inscripcion\/\",\"name\":\"Inscripci\u00f3n - Ruta de la Tapa de Benet\u00fasser\",\"isPartOf\":{\"@id\":\"https:\/\/acbenetusser.com\/rutatapabenetusser\/#website\"},\"primaryImageOfPage\":{\"@id\":\"https:\/\/acbenetusser.com\/rutatapabenetusser\/es\/inscripcion\/#primaryimage\"},\"image\":{\"@id\":\"https:\/\/acbenetusser.com\/rutatapabenetusser\/es\/inscripcion\/#primaryimage\"},\"thumbnailUrl\":\"https:\/\/acbenetusser.com\/rutatapabenetusser\/wp-content\/uploads\/sites\/3\/2023\/11\/rutadelatapa-768x1129-1-697x1024.png\",\"datePublished\":\"2023-11-22T15:11:19+00:00\",\"dateModified\":\"2023-11-22T15:11:20+00:00\",\"description\":\"Informaci\u00f3n sobre la inscripci\u00f3n para participar en la 8\u00aa Ruta de la Tapa de Benet\u00fasser.\",\"breadcrumb\":{\"@id\":\"https:\/\/acbenetusser.com\/rutatapabenetusser\/es\/inscripcion\/#breadcrumb\"},\"inLanguage\":\"ca\",\"potentialAction\":[{\"@type\":\"ReadAction\",\"target\":[\"https:\/\/acbenetusser.com\/rutatapabenetusser\/es\/inscripcion\/\"]}]},{\"@type\":\"ImageObject\",\"inLanguage\":\"ca\",\"@id\":\"https:\/\/acbenetusser.com\/rutatapabenetusser\/es\/inscripcion\/#primaryimage\",\"url\":\"https:\/\/acbenetusser.com\/rutatapabenetusser\/wp-content\/uploads\/sites\/3\/2023\/11\/rutadelatapa-768x1129-1.png\",\"contentUrl\":\"https:\/\/acbenetusser.com\/rutatapabenetusser\/wp-content\/uploads\/sites\/3\/2023\/11\/rutadelatapa-768x1129-1.png\",\"width\":768,\"height\":1129,\"caption\":\"Tapa\"},{\"@type\":\"BreadcrumbList\",\"@id\":\"https:\/\/acbenetusser.com\/rutatapabenetusser\/es\/inscripcion\/#breadcrumb\",\"itemListElement\":[{\"@type\":\"ListItem\",\"position\":1,\"name\":\"Inici\",\"item\":\"https:\/\/acbenetusser.com\/rutatapabenetusser\/\"},{\"@type\":\"ListItem\",\"position\":2,\"name\":\"Inscripci\u00f3n\"}]},{\"@type\":\"WebSite\",\"@id\":\"https:\/\/acbenetusser.com\/rutatapabenetusser\/#website\",\"url\":\"https:\/\/acbenetusser.com\/rutatapabenetusser\/\",\"name\":\"Ruta de la Tapa de Benet\u00fasser\",\"description\":\"9\u00aa Edici\u00f3: 2024. Des del 20 fins al 24 de novembre\",\"potentialAction\":[{\"@type\":\"SearchAction\",\"target\":{\"@type\":\"EntryPoint\",\"urlTemplate\":\"https:\/\/acbenetusser.com\/rutatapabenetusser\/?s={search_term_string}\"},\"query-input\":{\"@type\":\"PropertyValueSpecification\",\"valueRequired\":true,\"valueName\":\"search_term_string\"}}],\"inLanguage\":\"ca\"}]}<\/script>\n<!-- \/ Yoast SEO plugin. -->","yoast_head_json":{"title":"Inscripci\u00f3n - Ruta de la Tapa de Benet\u00fasser","description":"Informaci\u00f3n sobre la inscripci\u00f3n para participar en la 8\u00aa Ruta de la Tapa de Benet\u00fasser.","robots":{"index":"index","follow":"follow","max-snippet":"max-snippet:-1","max-image-preview":"max-image-preview:large","max-video-preview":"max-video-preview:-1"},"canonical":"https:\/\/acbenetusser.com\/rutatapabenetusser\/es\/inscripcion\/","og_locale":"ca_ES","og_type":"article","og_title":"Inscripci\u00f3n - Ruta de la Tapa de Benet\u00fasser","og_description":"Informaci\u00f3n sobre la inscripci\u00f3n para participar en la 8\u00aa Ruta de la Tapa de Benet\u00fasser.","og_url":"https:\/\/acbenetusser.com\/rutatapabenetusser\/es\/inscripcion\/","og_site_name":"Ruta de la Tapa de Benet\u00fasser","article_modified_time":"2023-11-22T15:11:20+00:00","og_image":[{"url":"https:\/\/acbenetusser.com\/rutatapabenetusser\/wp-content\/uploads\/sites\/3\/2023\/11\/rutadelatapa-768x1129-1-697x1024.png","type":"","width":"","height":""}],"twitter_card":"summary_large_image","twitter_misc":{"Temps estimat de lectura":"2 minuts"},"schema":{"@context":"https:\/\/schema.org","@graph":[{"@type":"WebPage","@id":"https:\/\/acbenetusser.com\/rutatapabenetusser\/es\/inscripcion\/","url":"https:\/\/acbenetusser.com\/rutatapabenetusser\/es\/inscripcion\/","name":"Inscripci\u00f3n - Ruta de la Tapa de Benet\u00fasser","isPartOf":{"@id":"https:\/\/acbenetusser.com\/rutatapabenetusser\/#website"},"primaryImageOfPage":{"@id":"https:\/\/acbenetusser.com\/rutatapabenetusser\/es\/inscripcion\/#primaryimage"},"image":{"@id":"https:\/\/acbenetusser.com\/rutatapabenetusser\/es\/inscripcion\/#primaryimage"},"thumbnailUrl":"https:\/\/acbenetusser.com\/rutatapabenetusser\/wp-content\/uploads\/sites\/3\/2023\/11\/rutadelatapa-768x1129-1-697x1024.png","datePublished":"2023-11-22T15:11:19+00:00","dateModified":"2023-11-22T15:11:20+00:00","description":"Informaci\u00f3n sobre la inscripci\u00f3n para participar en la 8\u00aa Ruta de la Tapa de Benet\u00fasser.","breadcrumb":{"@id":"https:\/\/acbenetusser.com\/rutatapabenetusser\/es\/inscripcion\/#breadcrumb"},"inLanguage":"ca","potentialAction":[{"@type":"ReadAction","target":["https:\/\/acbenetusser.com\/rutatapabenetusser\/es\/inscripcion\/"]}]},{"@type":"ImageObject","inLanguage":"ca","@id":"https:\/\/acbenetusser.com\/rutatapabenetusser\/es\/inscripcion\/#primaryimage","url":"https:\/\/acbenetusser.com\/rutatapabenetusser\/wp-content\/uploads\/sites\/3\/2023\/11\/rutadelatapa-768x1129-1.png","contentUrl":"https:\/\/acbenetusser.com\/rutatapabenetusser\/wp-content\/uploads\/sites\/3\/2023\/11\/rutadelatapa-768x1129-1.png","width":768,"height":1129,"caption":"Tapa"},{"@type":"BreadcrumbList","@id":"https:\/\/acbenetusser.com\/rutatapabenetusser\/es\/inscripcion\/#breadcrumb","itemListElement":[{"@type":"ListItem","position":1,"name":"Inici","item":"https:\/\/acbenetusser.com\/rutatapabenetusser\/"},{"@type":"ListItem","position":2,"name":"Inscripci\u00f3n"}]},{"@type":"WebSite","@id":"https:\/\/acbenetusser.com\/rutatapabenetusser\/#website","url":"https:\/\/acbenetusser.com\/rutatapabenetusser\/","name":"Ruta de la Tapa de Benet\u00fasser","description":"9\u00aa Edici\u00f3: 2024. Des del 20 fins al 24 de novembre","potentialAction":[{"@type":"SearchAction","target":{"@type":"EntryPoint","urlTemplate":"https:\/\/acbenetusser.com\/rutatapabenetusser\/?s={search_term_string}"},"query-input":{"@type":"PropertyValueSpecification","valueRequired":true,"valueName":"search_term_string"}}],"inLanguage":"ca"}]}},"_links":{"self":[{"href":"https:\/\/acbenetusser.com\/rutatapabenetusser\/wp-json\/wp\/v2\/pages\/210","targetHints":{"allow":["GET"]}}],"collection":[{"href":"https:\/\/acbenetusser.com\/rutatapabenetusser\/wp-json\/wp\/v2\/pages"}],"about":[{"href":"https:\/\/acbenetusser.com\/rutatapabenetusser\/wp-json\/wp\/v2\/types\/page"}],"author":[{"embeddable":true,"href":"https:\/\/acbenetusser.com\/rutatapabenetusser\/wp-json\/wp\/v2\/users\/1"}],"replies":[{"embeddable":true,"href":"https:\/\/acbenetusser.com\/rutatapabenetusser\/wp-json\/wp\/v2\/comments?post=210"}],"version-history":[{"count":2,"href":"https:\/\/acbenetusser.com\/rutatapabenetusser\/wp-json\/wp\/v2\/pages\/210\/revisions"}],"predecessor-version":[{"id":216,"href":"https:\/\/acbenetusser.com\/rutatapabenetusser\/wp-json\/wp\/v2\/pages\/210\/revisions\/216"}],"wp:attachment":[{"href":"https:\/\/acbenetusser.com\/rutatapabenetusser\/wp-json\/wp\/v2\/media?parent=210"}],"curies":[{"name":"wp","href":"https:\/\/api.w.org\/{rel}","templated":true}]}}

Inscripción

<p>Se celebrará su 8ª Edición del 22 al 26 de noviembre, ambos incluidos.</p>



<h2 class="wp-block-heading"> Objetivos</h2>



<ul class="wp-block-list">
<li>Promocionar los bares y restaurantes de Benetússer, dando a conocer su riqueza y variedad gastronómica en cuanto a productos de alimentación se refiere. </li>



<li>Acercar la variedad gastronómica de la población Benetússer al público en general. Incentivar el uso de los productos de nuestra tierra en la gastronomía y la cocina en general.</li>



<li>Impulsar la promoción del sector de la hostelería, fomentando la competitividad entre los distintos establecimientos. </li>



<li>Potenciar la profesionalización del sector en la localidad.</li>
</ul>


<div class="wp-block-image">
<figure class="alignleft size-large is-resized"><img decoding="async" width="697" height="1024" data-src="https://acbenetusser.com/rutatapabenetusser/wp-content/uploads/sites/3/2023/11/rutadelatapa-768x1129-1-697x1024.png" alt="Tapa" class="wp-image-214 lazyload" style="--smush-placeholder-width: 697px; --smush-placeholder-aspect-ratio: 697/1024;width:249px;height:auto" data-srcset="https://acbenetusser.com/rutatapabenetusser/wp-content/uploads/sites/3/2023/11/rutadelatapa-768x1129-1-697x1024.png 697w, https://acbenetusser.com/rutatapabenetusser/wp-content/uploads/sites/3/2023/11/rutadelatapa-768x1129-1-204x300.png 204w, https://acbenetusser.com/rutatapabenetusser/wp-content/uploads/sites/3/2023/11/rutadelatapa-768x1129-1.png 768w" data-sizes="(max-width: 697px) 100vw, 697px" src="data:image/gif;base64,R0lGODlhAQABAAAAACH5BAEKAAEALAAAAAABAAEAAAICTAEAOw==" /><figcaption class="wp-element-caption">Tapa</figcaption></figure>
</div>


<h2 class="wp-block-heading">¿Quién puede participar?</h2>



<p>La Ruta de la Tapa de Benetússer tiene un carácter abierto a la participación de aquellos establecimientos ubicados en la localidad de Benetússer cuyas actividades profesionales se encuadren dentro de los grupos del sector de Bares, Restaurantes y Marisquerías que acepten los compromisos establecidos en las presentes bases de participación.</p>



<h2 class="wp-block-heading">¿Dónde se realiza el evento?</h2>



<p>La actividad de promoción se desarrollará en las instalaciones de cada uno de los establecimientos participantes. Se distribuirá cartelería y material informativo a cada establecimiento para su identificación por parte del cliente. La Ruta y los establecimientos participantes se darán a conocer mediante el material promocional que se establezca.</p>



<h2 class="wp-block-heading">Agotado el plazo de inscripción</h2>



<p>Queremos agradecer inmensamente por la decisión de participar en la 8ª Ruta de la Tapa 2023. Gracias a todos los inscritos en este evento.</p>

<div class="mh-excerpt"><p>Se celebrará su 8ª Edición del 22 al 26 de noviembre, ambos incluidos. Objetivos ¿Quién puede participar? La Ruta de la Tapa de Benetússer tiene <a class="mh-excerpt-more" href="https://acbenetusser.com/rutatapabenetusser/es/inscripcion/" title="Inscripción">[&#8230;]</a></p>
</div>

<!-- This site is optimized with the Yoast SEO plugin v25.1 - https://yoast.com/wordpress/plugins/seo/ -->
<title>Inscripción - Ruta de la Tapa de Benetússer</title>
<meta name="description" content="Información sobre la inscripción para participar en la 8ª Ruta de la Tapa de Benetússer." />
<meta name="robots" content="index, follow, max-snippet:-1, max-image-preview:large, max-video-preview:-1" />
<link rel="canonical" href="https://acbenetusser.com/rutatapabenetusser/es/inscripcion/" />
<meta property="og:locale" content="ca_ES" />
<meta property="og:type" content="article" />
<meta property="og:title" content="Inscripción - Ruta de la Tapa de Benetússer" />
<meta property="og:description" content="Información sobre la inscripción para participar en la 8ª Ruta de la Tapa de Benetússer." />
<meta property="og:url" content="https://acbenetusser.com/rutatapabenetusser/es/inscripcion/" />
<meta property="og:site_name" content="Ruta de la Tapa de Benetússer" />
<meta property="article:modified_time" content="2023-11-22T15:11:20+00:00" />
<meta property="og:image" content="https://acbenetusser.com/rutatapabenetusser/wp-content/uploads/sites/3/2023/11/rutadelatapa-768x1129-1-697x1024.png" />
<meta name="twitter:card" content="summary_large_image" />
<meta name="twitter:label1" content="Temps estimat de lectura" />
	<meta name="twitter:data1" content="2 minuts" />
<script type="application/ld+json" class="yoast-schema-graph">{"@context":"https://schema.org","@graph":[{"@type":"WebPage","@id":"https://acbenetusser.com/rutatapabenetusser/es/inscripcion/","url":"https://acbenetusser.com/rutatapabenetusser/es/inscripcion/","name":"Inscripción - Ruta de la Tapa de Benetússer","isPartOf":{"@id":"https://acbenetusser.com/rutatapabenetusser/#website"},"primaryImageOfPage":{"@id":"https://acbenetusser.com/rutatapabenetusser/es/inscripcion/#primaryimage"},"image":{"@id":"https://acbenetusser.com/rutatapabenetusser/es/inscripcion/#primaryimage"},"thumbnailUrl":"https://acbenetusser.com/rutatapabenetusser/wp-content/uploads/sites/3/2023/11/rutadelatapa-768x1129-1-697x1024.png","datePublished":"2023-11-22T15:11:19+00:00","dateModified":"2023-11-22T15:11:20+00:00","description":"Información sobre la inscripción para participar en la 8ª Ruta de la Tapa de Benetússer.","breadcrumb":{"@id":"https://acbenetusser.com/rutatapabenetusser/es/inscripcion/#breadcrumb"},"inLanguage":"ca","potentialAction":[{"@type":"ReadAction","target":["https://acbenetusser.com/rutatapabenetusser/es/inscripcion/"]}]},{"@type":"ImageObject","inLanguage":"ca","@id":"https://acbenetusser.com/rutatapabenetusser/es/inscripcion/#primaryimage","url":"https://acbenetusser.com/rutatapabenetusser/wp-content/uploads/sites/3/2023/11/rutadelatapa-768x1129-1.png","contentUrl":"https://acbenetusser.com/rutatapabenetusser/wp-content/uploads/sites/3/2023/11/rutadelatapa-768x1129-1.png","width":768,"height":1129,"caption":"Tapa"},{"@type":"BreadcrumbList","@id":"https://acbenetusser.com/rutatapabenetusser/es/inscripcion/#breadcrumb","itemListElement":[{"@type":"ListItem","position":1,"name":"Inici","item":"https://acbenetusser.com/rutatapabenetusser/"},{"@type":"ListItem","position":2,"name":"Inscripción"}]},{"@type":"WebSite","@id":"https://acbenetusser.com/rutatapabenetusser/#website","url":"https://acbenetusser.com/rutatapabenetusser/","name":"Ruta de la Tapa de Benetússer","description":"9ª Edició: 2024. Des del 20 fins al 24 de novembre","potentialAction":[{"@type":"SearchAction","target":{"@type":"EntryPoint","urlTemplate":"https://acbenetusser.com/rutatapabenetusser/?s={search_term_string}"},"query-input":{"@type":"PropertyValueSpecification","valueRequired":true,"valueName":"search_term_string"}}],"inLanguage":"ca"}]}</script>
<!-- / Yoast SEO plugin. -->

Inscripción - Ruta de la Tapa de Benetússer

Información sobre la inscripción para participar en la 8ª Ruta de la Tapa de Benetússer.

Ruta de la Tapa de Benetússer

9ª Edició: 2024. Des del 20 fins al 24 de novembre
