{"id":217,"date":"2023-11-22T16:26:53","date_gmt":"2023-11-22T15:26:53","guid":{"rendered":"https:\/\/acbenetusser.com\/rutatapabenetusser\/?page_id=217"},"modified":"2023-11-22T16:26:54","modified_gmt":"2023-11-22T15:26:54","slug":"inscripcio","status":"publish","type":"page","link":"https:\/\/acbenetusser.com\/rutatapabenetusser\/inscripcio\/","title":{"rendered":"Inscripci\u00f3"},"content":{"rendered":"\n<p>Se celebrar\u00e0 la seua 8a Edici\u00f3 del 22 al 26 de novembre, tots dos inclosos.<\/p>\n\n\n\n<h2 class=\"wp-block-heading\"> Objectius<\/h2>\n\n\n\n<ul class=\"wp-block-list\">\n<li>Promocionar els bars i restaurants de Benet\u00fasser, donant a con\u00e9ixer la seua riquesa i varietat gastron\u00f2mica quant a productes d&#8217;alimentaci\u00f3 es refereix.<\/li>\n\n\n\n<li>Acostar la varietat gastron\u00f2mica de la poblaci\u00f3 Benet\u00fasser al p\u00fablic en general. Incentivar l&#8217;\u00fas dels productes de la nostra terra en la gastronomia i la cuina en general.<\/li>\n\n\n\n<li>Impulsar la promoci\u00f3 del sector de l&#8217;hostaleria, fomentant la competitivitat entre els diferents establiments.<\/li>\n\n\n\n<li>Potenciar la professionalitzaci\u00f3 del sector en la localitat.<\/li>\n<\/ul>\n\n\n<div class=\"wp-block-image\">\n<figure class=\"alignleft size-large is-resized\"><img decoding=\"async\" width=\"697\" height=\"1024\" data-src=\"https:\/\/acbenetusser.com\/rutatapabenetusser\/wp-content\/uploads\/sites\/3\/2023\/11\/rutadelatapa-768x1129-1-697x1024.png\" alt=\"Tapa\" class=\"wp-image-214 lazyload\" style=\"--smush-placeholder-width: 697px; --smush-placeholder-aspect-ratio: 697\/1024;width:249px;height:auto\" data-srcset=\"https:\/\/acbenetusser.com\/rutatapabenetusser\/wp-content\/uploads\/sites\/3\/2023\/11\/rutadelatapa-768x1129-1-697x1024.png 697w, https:\/\/acbenetusser.com\/rutatapabenetusser\/wp-content\/uploads\/sites\/3\/2023\/11\/rutadelatapa-768x1129-1-204x300.png 204w, https:\/\/acbenetusser.com\/rutatapabenetusser\/wp-content\/uploads\/sites\/3\/2023\/11\/rutadelatapa-768x1129-1.png 768w\" data-sizes=\"(max-width: 697px) 100vw, 697px\" src=\"data:image\/gif;base64,R0lGODlhAQABAAAAACH5BAEKAAEALAAAAAABAAEAAAICTAEAOw==\" \/><figcaption class=\"wp-element-caption\">Tapa<\/figcaption><\/figure>\n<\/div>\n\n\n<h2 class=\"wp-block-heading\">Qui pot participar?<\/h2>\n\n\n\n<p>La Ruta de la Tapa de Benet\u00fasser t\u00e9 un car\u00e0cter obert a la participaci\u00f3 d&#8217;aquells establiments situats en la localitat de Benet\u00fasser les activitats professionals de la qual s&#8217;enquadren dins dels grups del sector de Bars, Restaurants i Marisqueries que accepten els compromisos establits en les presents bases de participaci\u00f3.<\/p>\n\n\n\n<h2 class=\"wp-block-heading\">On es far\u00e0 el esdeveniment?<\/h2>\n\n\n\n<p>L&#8217;activitat de promoci\u00f3 es desenvolupar\u00e0 en les instal\u00b7lacions de cadascun dels establiments participants. Es distribuir\u00e0 cartelleria i material informatiu a cada establiment per a la seua identificaci\u00f3 per part del client. La Ruta i els establiments participants es donaran a con\u00e9ixer mitjan\u00e7ant el material promocional que s&#8217;establisca.<\/p>\n\n\n\n<h2 class=\"wp-block-heading\">Esgotat el termini d&#8217;inscripci\u00f3<\/h2>\n\n\n\n<p>Volem agrair immensament per la decisi\u00f3 de participar en la 8a Ruta de la Tapa 2023. Gr\u00e0cies a tots els inscrits en aquest esdeveniment.<\/p>\n","protected":false},"excerpt":{"rendered":"<div class=\"mh-excerpt\"><p>Se celebrar\u00e0 la seua 8a Edici\u00f3 del 22 al 26 de novembre, tots dos inclosos. Objectius Qui pot participar? La Ruta de la Tapa de <a class=\"mh-excerpt-more\" href=\"https:\/\/acbenetusser.com\/rutatapabenetusser\/inscripcio\/\" title=\"Inscripci\u00f3\">[&#8230;]<\/a><\/p>\n<\/div>","protected":false},"author":1,"featured_media":0,"parent":0,"menu_order":0,"comment_status":"closed","ping_status":"closed","template":"template-full.php","meta":{"footnotes":""},"class_list":["post-217","page","type-page","status-publish","hentry"],"yoast_head":"<!-- This site is optimized with the Yoast SEO plugin v25.1 - https:\/\/yoast.com\/wordpress\/plugins\/seo\/ -->\n<title>Inscripci\u00f3 - Ruta de la Tapa de Benet\u00fasser<\/title>\n<meta name=\"description\" content=\"Informaci\u00f3 sobre la inscripci\u00f3 per a participar en la 8\u00aa Ruta de la Tapa de Benet\u00fasser.\" \/>\n<meta name=\"robots\" content=\"index, follow, max-snippet:-1, max-image-preview:large, max-video-preview:-1\" \/>\n<link rel=\"canonical\" href=\"https:\/\/acbenetusser.com\/rutatapabenetusser\/inscripcio\/\" \/>\n<meta property=\"og:locale\" content=\"ca_ES\" \/>\n<meta property=\"og:type\" content=\"article\" \/>\n<meta property=\"og:title\" content=\"Inscripci\u00f3 - Ruta de la Tapa de Benet\u00fasser\" \/>\n<meta property=\"og:description\" content=\"Informaci\u00f3 sobre la inscripci\u00f3 per a participar en la 8\u00aa Ruta de la Tapa de Benet\u00fasser.\" \/>\n<meta property=\"og:url\" content=\"https:\/\/acbenetusser.com\/rutatapabenetusser\/inscripcio\/\" \/>\n<meta property=\"og:site_name\" content=\"Ruta de la Tapa de Benet\u00fasser\" \/>\n<meta property=\"article:modified_time\" content=\"2023-11-22T15:26:54+00:00\" \/>\n<meta property=\"og:image\" content=\"https:\/\/acbenetusser.com\/rutatapabenetusser\/wp-content\/uploads\/sites\/3\/2023\/11\/rutadelatapa-768x1129-1-697x1024.png\" \/>\n<meta name=\"twitter:card\" content=\"summary_large_image\" \/>\n<meta name=\"twitter:label1\" content=\"Temps estimat de lectura\" \/>\n\t<meta name=\"twitter:data1\" content=\"2 minuts\" \/>\n<script type=\"application\/ld+json\" class=\"yoast-schema-graph\">{\"@context\":\"https:\/\/schema.org\",\"@graph\":[{\"@type\":\"WebPage\",\"@id\":\"https:\/\/acbenetusser.com\/rutatapabenetusser\/inscripcio\/\",\"url\":\"https:\/\/acbenetusser.com\/rutatapabenetusser\/inscripcio\/\",\"name\":\"Inscripci\u00f3 - Ruta de la Tapa de Benet\u00fasser\",\"isPartOf\":{\"@id\":\"https:\/\/acbenetusser.com\/rutatapabenetusser\/#website\"},\"primaryImageOfPage\":{\"@id\":\"https:\/\/acbenetusser.com\/rutatapabenetusser\/inscripcio\/#primaryimage\"},\"image\":{\"@id\":\"https:\/\/acbenetusser.com\/rutatapabenetusser\/inscripcio\/#primaryimage\"},\"thumbnailUrl\":\"https:\/\/acbenetusser.com\/rutatapabenetusser\/wp-content\/uploads\/sites\/3\/2023\/11\/rutadelatapa-768x1129-1-697x1024.png\",\"datePublished\":\"2023-11-22T15:26:53+00:00\",\"dateModified\":\"2023-11-22T15:26:54+00:00\",\"description\":\"Informaci\u00f3 sobre la inscripci\u00f3 per a participar en la 8\u00aa Ruta de la Tapa de Benet\u00fasser.\",\"breadcrumb\":{\"@id\":\"https:\/\/acbenetusser.com\/rutatapabenetusser\/inscripcio\/#breadcrumb\"},\"inLanguage\":\"ca\",\"potentialAction\":[{\"@type\":\"ReadAction\",\"target\":[\"https:\/\/acbenetusser.com\/rutatapabenetusser\/inscripcio\/\"]}]},{\"@type\":\"ImageObject\",\"inLanguage\":\"ca\",\"@id\":\"https:\/\/acbenetusser.com\/rutatapabenetusser\/inscripcio\/#primaryimage\",\"url\":\"https:\/\/acbenetusser.com\/rutatapabenetusser\/wp-content\/uploads\/sites\/3\/2023\/11\/rutadelatapa-768x1129-1.png\",\"contentUrl\":\"https:\/\/acbenetusser.com\/rutatapabenetusser\/wp-content\/uploads\/sites\/3\/2023\/11\/rutadelatapa-768x1129-1.png\",\"width\":768,\"height\":1129,\"caption\":\"Tapa\"},{\"@type\":\"BreadcrumbList\",\"@id\":\"https:\/\/acbenetusser.com\/rutatapabenetusser\/inscripcio\/#breadcrumb\",\"itemListElement\":[{\"@type\":\"ListItem\",\"position\":1,\"name\":\"Inici\",\"item\":\"https:\/\/acbenetusser.com\/rutatapabenetusser\/\"},{\"@type\":\"ListItem\",\"position\":2,\"name\":\"Inscripci\u00f3\"}]},{\"@type\":\"WebSite\",\"@id\":\"https:\/\/acbenetusser.com\/rutatapabenetusser\/#website\",\"url\":\"https:\/\/acbenetusser.com\/rutatapabenetusser\/\",\"name\":\"Ruta de la Tapa de Benet\u00fasser\",\"description\":\"9\u00aa Edici\u00f3: 2024. Des del 20 fins al 24 de novembre\",\"potentialAction\":[{\"@type\":\"SearchAction\",\"target\":{\"@type\":\"EntryPoint\",\"urlTemplate\":\"https:\/\/acbenetusser.com\/rutatapabenetusser\/?s={search_term_string}\"},\"query-input\":{\"@type\":\"PropertyValueSpecification\",\"valueRequired\":true,\"valueName\":\"search_term_string\"}}],\"inLanguage\":\"ca\"}]}<\/script>\n<!-- \/ Yoast SEO plugin. -->","yoast_head_json":{"title":"Inscripci\u00f3 - Ruta de la Tapa de Benet\u00fasser","description":"Informaci\u00f3 sobre la inscripci\u00f3 per a participar en la 8\u00aa Ruta de la Tapa de Benet\u00fasser.","robots":{"index":"index","follow":"follow","max-snippet":"max-snippet:-1","max-image-preview":"max-image-preview:large","max-video-preview":"max-video-preview:-1"},"canonical":"https:\/\/acbenetusser.com\/rutatapabenetusser\/inscripcio\/","og_locale":"ca_ES","og_type":"article","og_title":"Inscripci\u00f3 - Ruta de la Tapa de Benet\u00fasser","og_description":"Informaci\u00f3 sobre la inscripci\u00f3 per a participar en la 8\u00aa Ruta de la Tapa de Benet\u00fasser.","og_url":"https:\/\/acbenetusser.com\/rutatapabenetusser\/inscripcio\/","og_site_name":"Ruta de la Tapa de Benet\u00fasser","article_modified_time":"2023-11-22T15:26:54+00:00","og_image":[{"url":"https:\/\/acbenetusser.com\/rutatapabenetusser\/wp-content\/uploads\/sites\/3\/2023\/11\/rutadelatapa-768x1129-1-697x1024.png","type":"","width":"","height":""}],"twitter_card":"summary_large_image","twitter_misc":{"Temps estimat de lectura":"2 minuts"},"schema":{"@context":"https:\/\/schema.org","@graph":[{"@type":"WebPage","@id":"https:\/\/acbenetusser.com\/rutatapabenetusser\/inscripcio\/","url":"https:\/\/acbenetusser.com\/rutatapabenetusser\/inscripcio\/","name":"Inscripci\u00f3 - Ruta de la Tapa de Benet\u00fasser","isPartOf":{"@id":"https:\/\/acbenetusser.com\/rutatapabenetusser\/#website"},"primaryImageOfPage":{"@id":"https:\/\/acbenetusser.com\/rutatapabenetusser\/inscripcio\/#primaryimage"},"image":{"@id":"https:\/\/acbenetusser.com\/rutatapabenetusser\/inscripcio\/#primaryimage"},"thumbnailUrl":"https:\/\/acbenetusser.com\/rutatapabenetusser\/wp-content\/uploads\/sites\/3\/2023\/11\/rutadelatapa-768x1129-1-697x1024.png","datePublished":"2023-11-22T15:26:53+00:00","dateModified":"2023-11-22T15:26:54+00:00","description":"Informaci\u00f3 sobre la inscripci\u00f3 per a participar en la 8\u00aa Ruta de la Tapa de Benet\u00fasser.","breadcrumb":{"@id":"https:\/\/acbenetusser.com\/rutatapabenetusser\/inscripcio\/#breadcrumb"},"inLanguage":"ca","potentialAction":[{"@type":"ReadAction","target":["https:\/\/acbenetusser.com\/rutatapabenetusser\/inscripcio\/"]}]},{"@type":"ImageObject","inLanguage":"ca","@id":"https:\/\/acbenetusser.com\/rutatapabenetusser\/inscripcio\/#primaryimage","url":"https:\/\/acbenetusser.com\/rutatapabenetusser\/wp-content\/uploads\/sites\/3\/2023\/11\/rutadelatapa-768x1129-1.png","contentUrl":"https:\/\/acbenetusser.com\/rutatapabenetusser\/wp-content\/uploads\/sites\/3\/2023\/11\/rutadelatapa-768x1129-1.png","width":768,"height":1129,"caption":"Tapa"},{"@type":"BreadcrumbList","@id":"https:\/\/acbenetusser.com\/rutatapabenetusser\/inscripcio\/#breadcrumb","itemListElement":[{"@type":"ListItem","position":1,"name":"Inici","item":"https:\/\/acbenetusser.com\/rutatapabenetusser\/"},{"@type":"ListItem","position":2,"name":"Inscripci\u00f3"}]},{"@type":"WebSite","@id":"https:\/\/acbenetusser.com\/rutatapabenetusser\/#website","url":"https:\/\/acbenetusser.com\/rutatapabenetusser\/","name":"Ruta de la Tapa de Benet\u00fasser","description":"9\u00aa Edici\u00f3: 2024. Des del 20 fins al 24 de novembre","potentialAction":[{"@type":"SearchAction","target":{"@type":"EntryPoint","urlTemplate":"https:\/\/acbenetusser.com\/rutatapabenetusser\/?s={search_term_string}"},"query-input":{"@type":"PropertyValueSpecification","valueRequired":true,"valueName":"search_term_string"}}],"inLanguage":"ca"}]}},"_links":{"self":[{"href":"https:\/\/acbenetusser.com\/rutatapabenetusser\/wp-json\/wp\/v2\/pages\/217","targetHints":{"allow":["GET"]}}],"collection":[{"href":"https:\/\/acbenetusser.com\/rutatapabenetusser\/wp-json\/wp\/v2\/pages"}],"about":[{"href":"https:\/\/acbenetusser.com\/rutatapabenetusser\/wp-json\/wp\/v2\/types\/page"}],"author":[{"embeddable":true,"href":"https:\/\/acbenetusser.com\/rutatapabenetusser\/wp-json\/wp\/v2\/users\/1"}],"replies":[{"embeddable":true,"href":"https:\/\/acbenetusser.com\/rutatapabenetusser\/wp-json\/wp\/v2\/comments?post=217"}],"version-history":[{"count":1,"href":"https:\/\/acbenetusser.com\/rutatapabenetusser\/wp-json\/wp\/v2\/pages\/217\/revisions"}],"predecessor-version":[{"id":218,"href":"https:\/\/acbenetusser.com\/rutatapabenetusser\/wp-json\/wp\/v2\/pages\/217\/revisions\/218"}],"wp:attachment":[{"href":"https:\/\/acbenetusser.com\/rutatapabenetusser\/wp-json\/wp\/v2\/media?parent=217"}],"curies":[{"name":"wp","href":"https:\/\/api.w.org\/{rel}","templated":true}]}}

Inscripció

<p>Se celebrarà la seua 8a Edició del 22 al 26 de novembre, tots dos inclosos.</p>



<h2 class="wp-block-heading"> Objectius</h2>



<ul class="wp-block-list">
<li>Promocionar els bars i restaurants de Benetússer, donant a conéixer la seua riquesa i varietat gastronòmica quant a productes d&#8217;alimentació es refereix.</li>



<li>Acostar la varietat gastronòmica de la població Benetússer al públic en general. Incentivar l&#8217;ús dels productes de la nostra terra en la gastronomia i la cuina en general.</li>



<li>Impulsar la promoció del sector de l&#8217;hostaleria, fomentant la competitivitat entre els diferents establiments.</li>



<li>Potenciar la professionalització del sector en la localitat.</li>
</ul>


<div class="wp-block-image">
<figure class="alignleft size-large is-resized"><img decoding="async" width="697" height="1024" data-src="https://acbenetusser.com/rutatapabenetusser/wp-content/uploads/sites/3/2023/11/rutadelatapa-768x1129-1-697x1024.png" alt="Tapa" class="wp-image-214 lazyload" style="--smush-placeholder-width: 697px; --smush-placeholder-aspect-ratio: 697/1024;width:249px;height:auto" data-srcset="https://acbenetusser.com/rutatapabenetusser/wp-content/uploads/sites/3/2023/11/rutadelatapa-768x1129-1-697x1024.png 697w, https://acbenetusser.com/rutatapabenetusser/wp-content/uploads/sites/3/2023/11/rutadelatapa-768x1129-1-204x300.png 204w, https://acbenetusser.com/rutatapabenetusser/wp-content/uploads/sites/3/2023/11/rutadelatapa-768x1129-1.png 768w" data-sizes="(max-width: 697px) 100vw, 697px" src="data:image/gif;base64,R0lGODlhAQABAAAAACH5BAEKAAEALAAAAAABAAEAAAICTAEAOw==" /><figcaption class="wp-element-caption">Tapa</figcaption></figure>
</div>


<h2 class="wp-block-heading">Qui pot participar?</h2>



<p>La Ruta de la Tapa de Benetússer té un caràcter obert a la participació d&#8217;aquells establiments situats en la localitat de Benetússer les activitats professionals de la qual s&#8217;enquadren dins dels grups del sector de Bars, Restaurants i Marisqueries que accepten els compromisos establits en les presents bases de participació.</p>



<h2 class="wp-block-heading">On es farà el esdeveniment?</h2>



<p>L&#8217;activitat de promoció es desenvoluparà en les instal·lacions de cadascun dels establiments participants. Es distribuirà cartelleria i material informatiu a cada establiment per a la seua identificació per part del client. La Ruta i els establiments participants es donaran a conéixer mitjançant el material promocional que s&#8217;establisca.</p>



<h2 class="wp-block-heading">Esgotat el termini d&#8217;inscripció</h2>



<p>Volem agrair immensament per la decisió de participar en la 8a Ruta de la Tapa 2023. Gràcies a tots els inscrits en aquest esdeveniment.</p>

<div class="mh-excerpt"><p>Se celebrarà la seua 8a Edició del 22 al 26 de novembre, tots dos inclosos. Objectius Qui pot participar? La Ruta de la Tapa de <a class="mh-excerpt-more" href="https://acbenetusser.com/rutatapabenetusser/inscripcio/" title="Inscripció">[&#8230;]</a></p>
</div>

<!-- This site is optimized with the Yoast SEO plugin v25.1 - https://yoast.com/wordpress/plugins/seo/ -->
<title>Inscripció - Ruta de la Tapa de Benetússer</title>
<meta name="description" content="Informació sobre la inscripció per a participar en la 8ª Ruta de la Tapa de Benetússer." />
<meta name="robots" content="index, follow, max-snippet:-1, max-image-preview:large, max-video-preview:-1" />
<link rel="canonical" href="https://acbenetusser.com/rutatapabenetusser/inscripcio/" />
<meta property="og:locale" content="ca_ES" />
<meta property="og:type" content="article" />
<meta property="og:title" content="Inscripció - Ruta de la Tapa de Benetússer" />
<meta property="og:description" content="Informació sobre la inscripció per a participar en la 8ª Ruta de la Tapa de Benetússer." />
<meta property="og:url" content="https://acbenetusser.com/rutatapabenetusser/inscripcio/" />
<meta property="og:site_name" content="Ruta de la Tapa de Benetússer" />
<meta property="article:modified_time" content="2023-11-22T15:26:54+00:00" />
<meta property="og:image" content="https://acbenetusser.com/rutatapabenetusser/wp-content/uploads/sites/3/2023/11/rutadelatapa-768x1129-1-697x1024.png" />
<meta name="twitter:card" content="summary_large_image" />
<meta name="twitter:label1" content="Temps estimat de lectura" />
	<meta name="twitter:data1" content="2 minuts" />
<script type="application/ld+json" class="yoast-schema-graph">{"@context":"https://schema.org","@graph":[{"@type":"WebPage","@id":"https://acbenetusser.com/rutatapabenetusser/inscripcio/","url":"https://acbenetusser.com/rutatapabenetusser/inscripcio/","name":"Inscripció - Ruta de la Tapa de Benetússer","isPartOf":{"@id":"https://acbenetusser.com/rutatapabenetusser/#website"},"primaryImageOfPage":{"@id":"https://acbenetusser.com/rutatapabenetusser/inscripcio/#primaryimage"},"image":{"@id":"https://acbenetusser.com/rutatapabenetusser/inscripcio/#primaryimage"},"thumbnailUrl":"https://acbenetusser.com/rutatapabenetusser/wp-content/uploads/sites/3/2023/11/rutadelatapa-768x1129-1-697x1024.png","datePublished":"2023-11-22T15:26:53+00:00","dateModified":"2023-11-22T15:26:54+00:00","description":"Informació sobre la inscripció per a participar en la 8ª Ruta de la Tapa de Benetússer.","breadcrumb":{"@id":"https://acbenetusser.com/rutatapabenetusser/inscripcio/#breadcrumb"},"inLanguage":"ca","potentialAction":[{"@type":"ReadAction","target":["https://acbenetusser.com/rutatapabenetusser/inscripcio/"]}]},{"@type":"ImageObject","inLanguage":"ca","@id":"https://acbenetusser.com/rutatapabenetusser/inscripcio/#primaryimage","url":"https://acbenetusser.com/rutatapabenetusser/wp-content/uploads/sites/3/2023/11/rutadelatapa-768x1129-1.png","contentUrl":"https://acbenetusser.com/rutatapabenetusser/wp-content/uploads/sites/3/2023/11/rutadelatapa-768x1129-1.png","width":768,"height":1129,"caption":"Tapa"},{"@type":"BreadcrumbList","@id":"https://acbenetusser.com/rutatapabenetusser/inscripcio/#breadcrumb","itemListElement":[{"@type":"ListItem","position":1,"name":"Inici","item":"https://acbenetusser.com/rutatapabenetusser/"},{"@type":"ListItem","position":2,"name":"Inscripció"}]},{"@type":"WebSite","@id":"https://acbenetusser.com/rutatapabenetusser/#website","url":"https://acbenetusser.com/rutatapabenetusser/","name":"Ruta de la Tapa de Benetússer","description":"9ª Edició: 2024. Des del 20 fins al 24 de novembre","potentialAction":[{"@type":"SearchAction","target":{"@type":"EntryPoint","urlTemplate":"https://acbenetusser.com/rutatapabenetusser/?s={search_term_string}"},"query-input":{"@type":"PropertyValueSpecification","valueRequired":true,"valueName":"search_term_string"}}],"inLanguage":"ca"}]}</script>
<!-- / Yoast SEO plugin. -->

Inscripció - Ruta de la Tapa de Benetússer

Informació sobre la inscripció per a participar en la 8ª Ruta de la Tapa de Benetússer.

Ruta de la Tapa de Benetússer

9ª Edició: 2024. Des del 20 fins al 24 de novembre
